termine q(-10).
-9
Let g(z) = z**3 + 13*z**2 + 5*z + 94. What is g(-13)?
29
Let v(h) = 7*h**2 - 104*h - 10. Determine v(15).
5
Let f(r) = 26*r - 1638. Determine f(63).
0
Let t(p) = -2*p**2 - 51*p + 13245. Calculate t(-95).
40
Let o(r) = 96*r - 8967. Give o(94).
57
Let b(d) = 8*d**2 - 62*d - 44. Determine b(8).
-28
Let t(j) = 7872*j + 62970. What is t(-8)?
-6
Let z(q) = -118*q + 441. Give z(6).
-267
Let j(q) = -2*q**3 + 97*q**2 - 312*q + 36. Give j(45).
171
Let g(b) = 4*b + 152. Calculate g(-33).
20
Let v(p) = p**2 + 16*p + 149. What is v(-15)?
134
Let f(a) = -a**3 - 9*a**2 + 4*a - 12. Give f(-7).
-138
Let p(u) = 100*u - 1352. Give p(13).
-52
Let r(t) = -47*t - 197. Give r(-4).
-9
Let a(g) = -633*g - 6246. Give a(-10).
84
Let q(l) = -l**3 - 75*l**2 + 234*l + 13. What is q(-78)?
13
Let k(l) = 20*l**2 + 6*l + 18. Calculate k(-3).
180
Let n(k) = k**3 + 8*k**2 + 2022*k + 10039. Calculate n(-5).
4
Let r(v) = v**2 - 67*v + 320. What is r(64)?
128
Let u(o) = -11*o**2 - 58*o + 89. Calculate u(-8).
-151
Let l(h) = 2*h**2 + 18*h + 6. What is l(-8)?
-10
Let s(i) = 464*i - 22259. Calculate s(48).
13
Let o(a) = -a**3 - 2*a**2 - 39*a - 9. Determine o(0).
-9
Let s(v) = -7*v**3 - 41*v**2 - 25*v + 44. Determine s(-5).
19
Let a(s) = -s**2 + 25*s + 537. Give a(39).
-9
Let i(g) = 14*g - 503. Calculate i(50).
197
Let i(g) = g**2 - 14*g - 386. Calculate i(30).
94
Let w(t) = 3*t**3 + 144*t**2 + 419*t + 617. Give w(-45).
-13
Let h(c) = -c**2 - 37*c + 160. Determine h(-40).
40
Let t(q) = 51*q + 176. What is t(-3)?
23
Let t(r) = -635*r + 8888. Determine t(14).
-2
Let i(f) = -f**2 + 108*f - 1539. Determine i(18).
81
Let v(a) = 5*a + 109. Determine v(-24).
-11
Let q(p) = -p**3 + 80*p**2 - 511*p - 1. Give q(73).
-1
Let u(x) = -20*x - 44. Give u(-7).
96
Let t(h) = -22*h**3 + 10*h**2 - 9*h + 2. Give t(1).
-19
Let g(m) = 2*m**3 + 47*m**2 + 25*m + 41. Determine g(-23).
-5
Let d(t) = -t**3 - 5*t**2 + 15*t + 131. Give d(5).
-44
Let w(c) = 85*c**3 - 9433*c**2 - 222*c + 4. Determine w(111).
4
Let u(z) = z**3 + 25*z**2 - 53*z - 719. Give u(-26).
-17
Let x(z) = 10*z**2 - 5*z - 21. Give x(0).
-21
Let p(h) = 64*h + 2502. Determine p(-39).
6
Let q(x) = -4*x**2 + 11*x - 62. Give q(8).
-230
Let b(h) = -h**2 + 37*h + 891. Calculate b(54).
-27
Let s(n) = n**3 - 84*n**2 - 86*n + 93. Give s(85).
8
Let g(h) = h**3 + 43*h**2 + 46*h - 7. What is g(-42)?
-175
Let k(l) = -l**3 - 11*l**2 - 14*l - 10. What is k(-6)?
-106
Let h(s) = -61*s - 165. Calculate h(-3).
18
Let i(o) = o**2 - 28*o + 9. Determine i(44).
713
Let j(y) = 2*y**3 + 115*y**2 - 71*y - 735. What is j(-58)?
19
Let a(t) = 19038*t + 57126. Calculate a(-3).
12
Let f(p) = -51*p - 712. Determine f(-22).
410
Let d(m) = 2*m**2 - 15*m - 4067. What is d(49)?
0
Let t(z) = 3*z**3 + 200*z**2 - 68*z - 84. Determine t(-67).
-17
Let z(h) = -h**2 - 49*h - 315. Determine z(-41).
13
Let n(h) = h**2 - 8*h - 18. Determine n(11).
15
Let z(u) = 14*u - 98. Give z(11).
56
Let b(q) = 553*q - 1116. Determine b(2).
-10
Let v(o) = -4*o**2 + 2*o + 69. Give v(5).
-21
Let z(d) = -4*d**2 + 219*d + 29. Give z(55).
-26
Let g(z) = 3*z**2 + 17*z + 166. Give g(9).
562
Let j(q) = 14*q**2 - 36*q + 21. What is j(2)?
5
Let q(j) = 281*j - 1119. Give q(4).
5
Let m(w) = -w**2 - 69*w - 1005. Calculate m(-35).
185
Let m(l) = -8*l**2 + 37*l - 78. Determine m(2).
-36
Let l(t) = t**3 - 32*t**2 - 147*t + 78. What is l(36)?
-30
Let n(q) = 40*q**2 + 69*q + 20. Calculate n(-2).
42
Let b(n) = 3*n**2 + 35*n + 103. What is b(-4)?
11
Let h(i) = -689*i - 2066. What is h(-3)?
1
Let f(t) = -22*t - 160. What is f(-8)?
16
Let q(n) = n**3 - 54*n**2 + 61*n - 440. Calculate q(53).
-16
Let p(m) = -76*m + 8970. What is p(118)?
2
Let f(w) = -2*w**2 + 33*w - 93. Give f(4).
7
Let j(x) = -1381*x - 2768. Give j(-2).
-6
Let o(k) = -20*k**2 - 50*k + 49. Determine o(1).
-21
Let b(o) = -16*o - 387. What is b(-23)?
-19
Let f(a) = 7*a**2 + 297*a + 85. Calculate f(-42).
-41
Let z(a) = -a**2 + 19*a + 89. Give z(-4).
-3
Let x(k) = -29*k**2 + 2*k + 28. Calculate x(0).
28
Let w(i) = i**3 + 4*i**2 + 64*i + 337. Calculate w(-5).
-8
Let r(c) = 2*c**2 + 13*c + 105. Give r(-13).
274
Let s(w) = 4*w + 99. Determine s(6).
123
Let f(n) = n**2 + 172*n - 7484. Determine f(36).
4
Let g(l) = -l**2 - 51*l - 652. Calculate g(-24).
-4
Let s(m) = 7733*m + 46394. What is s(-6)?
-4
Let o(j) = -2*j**3 - 163*j**2 + 661*j + 15. Calculate o(4).
-77
Let s(m) = -m**3 - 4*m**2 - 2*m - 17. Determine s(-5).
18
Let w(v) = -2*v**3 + 159*v**2 - 81*v + 168. Calculate w(79).
10
Let h(g) = g**3 + 35*g**2 - 102*g + 273. Determine h(-38).
-183
Let f(n) = -2*n**3 - 91*n**2 + 43*n - 143. What is f(-46)?
-5
Let k(a) = 2656*a + 5285. Determine k(-2).
-27
Let w(f) = -14*f**2 - 551*f - 2799. What is w(-6)?
3
Let i(b) = 93*b - 1233. Give i(12).
-117
Let o(w) = 69*w**2 + 6*w - 1. Give o(-3).
602
Let w(y) = -y**3 - 42*y**2 - 70*y + 350. Calculate w(-40).
-50
Let j(c) = -c**2 + 133*c - 373. What is j(130)?
17
Let i(z) = -z**2 - 9*z - 32. What is i(0)?
-32
Let c(i) = -2*i - 47. Calculate c(-22).
-3
Let n(m) = -66*m + 867. Give n(13).
9
Let j(m) = -3*m**2 - 56*m + 96. Give j(-20).
16
Let g(y) = y**3 + 13*y**2 + 20*y - 101. Calculate g(-11).
-79
Let o(u) = -2*u**3 + 39*u**2 + 25*u - 108. Determine o(20).
-8
Let y(n) = n**3 + n**2 - 41*n - 119. Give y(-4).
-3
Let d(h) = -418*h + 32197. Give d(77).
11
Let o(j) = -3*j**2 - 64*j - 139. What is o(-15)?
146
Let l(n) = 120*n - 444. What is l(4)?
36
Let c(i) = -i**3 - 26*i**2 + 23*i + 2972. Determine c(-19).
8
Let p(g) = -16*g - 32. Give p(-9).
112
Let g(u) = 208*u + 11441. Calculate g(-55).
1
Let v(z) = -2621*z + 104839. Determine v(40).
-1
Let u(a) = -2*a**3 + 37*a**2 + 33*a + 536. What is u(20)?
-4
Let s(h) = 54*h + 1. Determine s(0).
1
Let w(l) = l**2 + 87*l + 1012. Give w(-73).
-10
Let n(i) = 3*i**2 + 189*i - 1711. Calculate n(-71).
-7
Let g(j) = j**2 - 1010*j + 7975. Determine g(8).
-41
Let o(p) = -2*p**3 - 59*p**2 - 20*p - 51. Calculate o(-29).
-312
Let g(r) = 397*r**2 + 5147*r - 173. Give g(-13).
9
Let l(w) = -1466*w + 11647. Calculate l(8).
-81
Let z(y) = -y**2 + 41*y - 395. Calculate z(9).
-107
Let o(p) = -p**2 - 106*p - 1235. What is o(-90)?
205
Let y(w) = w**3 + 56*w**2 - 653*w + 477. What is y(-66)?
15
Let l(o) = -29*o - 26. Determine l(-1).
3
Let w(v) = -243*v - 2417. Give w(-10).
13
Let c(u) = u**3 + 18*u**2 + 31*u + 45. What is c(-17)?
-193
Let x(u) = -2*u**3 - 17*u**2 + 3*u + 9. Determine x(-9).
63
Let u(y) = 4*y**2 + 116*y + 37. What is u(-30)?
157
Let b(r) = r**2 - 87*r - 551. Calculate b(-6).
7
Let b(a) = -3*a**2 - 136*a + 922. What is b(6)?
-2
Let w(v) = v**3 + 14*v**2 - 2*v - 12. Calculate w(-14).
16
Let o(k) = 2032*k + 20329. Calculate o(-10).
9
Let r(v) = -v**3 + 68*v**2 + 65*v + 216. Calculate r(69).
-60
Let g(m) = 5384*m + 16135. Calculate g(-3).
-17
Let u(k) = k**2 - 11*k - 137. Give u(-8).
15
Let f(z) = 168*z + 3180. Give f(-19).
-12
Let k(o) = 78*o + 5299. Give k(-68).
-5
Let r(z) = 131*z - 2996. Give r(23).
17
Let t(w) = -4*w**3 - 138*w**2 + 71*w + 31. Determine t(-35).
-4
Let i(r) = -r**3 + 2*r**2 + 5*r - 19. Determine i(6).
-133
Let z(r) = -r**2 - 42*r - 187. Determine z(-37).
-2
Let v(n) = -5*n**2 + 383*n + 153. What is v(77)?
-1
Let m(z) = 7*z**2 - 12*z - 8. Determine m(4).
56
Let x(c) = 626*c**2 + 3130*c + 4. What is x(-5)?
4
Let o(b) = 2*b**3 - 3*b**2 - 13*b - 24. Calculate o(-2).
-26
Let i(q) = 2*q - 102. Calculate i(34).
-34
Let c(l) = -l**3 + 7*l**2 - 7*l + 6. Calculate c(9).
-219
Let t(b) = -b**3 - 15*b**2 - 30*b + 39. Give t(-13).
91
Let z(c) = -c**3 + 10*c**2 - 32*c + 33. Give z(6).
-15
Let b(f) = -f**3 + 20*f**2 - 13*f + 260. Determine b(20).
0
Let x(t) = 15*t**2 + 9*t + 60. Calculate x(-6).
546
Let y(x) = -4*x**3 - 9*x**2 + 49*x + 28. Give y(-8).
1108
Let x(h) = -h**2 + 49*h - 249. Give x(6).
9
Let u(q) = -23*q**3 - 51*q**2 - q + 2. Determine u(-4).
662
Let b(f) = 3376*f - 91155. What is b(27)?
-3
Let f(v) = 1008*v - 69546. Determine f(69).
6
Let r(n) = -2*n**2 - 75*n + 29. Determine r(0).
29
Let u(x) = -x**3 + 8*x**2 + 14*x - 12. Calculate u(9).
33
Let s(h) = -4*h**2 + 19*h + 59. Calculate s(-11).
-634
Let o(d) = -8*d**2 - 3*d + 19. Calculate o(-3).
-44
Let y(p) = p**3 - 29*p**2 - 2*p - 63. Determine y(29).
-121
Let d(c) = 12*c - 20. Calculate d(4).
28
Let f(z) = 52*z - 125